 ((19 - 31) + 15).
2
Calculate -2 + -8 + (-24 - (1 - -12 - 18)).
-29
Evaluate (-13 - -15 - -11) + (-1 - 2) + 2.
12
Calculate -4 + -6 + 9 + -17 + 18.
0
What is (-5 + -8 - -16) + -3?
0
(-145 - -132) + (-4 - (-1 + -28))
12
What is the value of -2 - -11 - (382 - 389)?
16
Calculate 359 + -335 + -5 + -1 + -1 + 1.
18
What is the value of (22 - 2) + -3 + -6?
11
-2 - -2 - 1 - (-9 - (19 + -5))
22
What is (10 - (4 - (7 + 4))) + 11?
28
What is 2 - (-16 - (-2 - 18))?
-2
59 + -13 - 39 - (1 - 13 - 0)
19
(-10 - -36) + (4 - 14)
16
What is the value of 8 + (-7 + -22 - 3)?
-24
Calculate 12 + 1 + -13 + 7 + -6.
1
What is the value of (-3 - 6 - -2) + 15 + -3 + 1?
6
What is the value of -5 + 4 + 4 + -23 - (-3 + 1)?
-18
What is -12 - -12 - 1 - (-2 - 14)?
15
What is -1 - -1 - (-2 + 17 + -18)?
3
Evaluate 17 - 7 - (-12 - -13).
9
(-29 + 43 - 27) + 31
18
Evaluate 0 + -2 + 11 - (9 + -48 + 30).
18
Calculate 0 + 11 + 1 + -510 + 500.
2
Calculate (-6 - 5 - -17) + 22 - (-2 + 0).
30
-4 - (-103 + 130 - (15 - 2))
-18
Evaluate -1 + 4 - -28 - (232 + -224).
23
Evaluate (0 - 33) + -241 + 256.
-18
Evaluate -15 - -3 - (-56 + 50).
-6
What is the value of 0 + 8 + (-41 - -103 - 47)?
23
(-3 - -4 - (-11 - -2)) + -27 + 30
13
Calculate (5 - -4) + (6 - (45 + 0)) + 1.
-29
What is the value of 16 - (-9 + 31 - 11)?
5
What is the value of 26 + -16 + 8 + -23?
-5
-13 - (-24 + 7) - 17
-13
What is 24 + (-20 - 8 - -29)?
25
Calculate -30 + 28 + -24 + 8.
-18
Evaluate 0 + (-9 + 9 - -9) + -24.
-15
What is the value of -11 - (-17 - (7 + -2))?
11
What is the value of 17 + (-19 - (6 + -20))?
12
Evaluate 10 + -20 + 11 - -12.
13
What is the value of 9 + 2 + 7 + -5 - 9?
4
-13 + 17 - 0 - (3 - 0 - -2)
-1
What is 8 - 0 - (-35 + 44 - -9)?
-10
What is the value of (0 - 0) + 33 + -5 + -2 + -11?
15
Evaluate 2 + 24 + -1 + -4 + -4.
17
Calculate (0 - -1) + -41 + 15 + 16.
-9
21 + -11 + -1 + -3
6
Calculate -15 - -1 - (-4 + 2 - (-2 - 0)).
-14
Calculate -1 - (-19 - (-18 - (-6 + -3))).
9
What is the value of (-3 - (2 - -3)) + -17 + -12 + 29?
-8
What is the value of -9 + 3 + 8 + -6?
-4
Calculate -3 - -1 - (-22 - (-11 + 23 - 34)).
-2
What is -11 + -28 + 34 + -11?
-16
What is -17 + 31 + -22 + 28?
20
(7 - (4 - ((-5 - -5) + -1))) + 0
2
Evaluate -4 - (8 + (8 - 13) - (1 + 0)).
-6
What is 12 + (3 - (5 - -6)) + (2 - 0)?
6
Calculate ((-8 - 5) + 5 + 1 - -8) + 6.
7
(1 - -8) + -3 + -5 + 9
10
Evaluate 1 + (4 - 3 - 4).
-2
Evaluate (0 - -7) + (-4 - -4) + -5 - 4.
-2
Evaluate 172 + -172 + -15 + 2.
-13
Calculate 1 + -12 + 2 - -2 - (341 - 344).
-4
6 + 15 + -21 + 17 - (2 + 6)
9
Calculate -14 + (15 - (6 - 0)) - -18.
13
Calculate -31 - -19 - -27 - (5 - -1).
9
What is the value of -16 + 1 + 2 - (714 - 733)?
6
What is the value of -12 - (-2 + (4 - 9)) - -11?
6
What is -13 + 19 + 26 + -26?
6
(-7 + (-6 - -16) - (9 + 1)) + 11
4
What is the value of -2 + -15 + 33 + 3 + -1 + 2?
20
What is 23 - ((16 - 6) + 9)?
4
(23 - 1) + (192 - 211)
3
What is (5 - (-15 - -32 - (5 - 2))) + -9?
-18
-12 - -8 - -12 - (-7 - -13)
2
What is the value of 12 + 22 + -11 + 2 + 2 + -13?
14
What is 8 + -24 + (-10 - -17) - -35?
26
What is the value of -9 + (2 - -3) + -2 + 104 + -109?
-11
What is -13 - (-6 - -2) - (-18 - (37 + -19))?
27
Evaluate 7 - 2 - (-25 - -44).
-14
Evaluate 4 + (10 - 4 - 4) + 7.
13
-4 - (-14 - (-3 + -10))
-3
(2 - 1) + (5 - -1) - (15 + -2)
-6
Calculate -19 + 2 - (6 + -12) - -7.
-4
Evaluate (-38 - -17) + -9 - -55.
25
Evaluate (7 - -15) + -6 + -35.
-19
What is the value of (0 - 17) + 1 - 3?
-19
Calculate -15 + (21 - -2 - 30).
-22
(-22 + 23 - 13) + 10
-2
What is -3 + 1 + 4 + (-1 - -4)?
5
-10 - (-3 + 1 - 9)
1
Calculate -14 + (14 - 1) + 2.
1
What is 2 + (15 + -7 + -11 - 16) + -4?
-21
What is the value of -22 + (20 - 40 - -26)?
-16
Evaluate (-7 - (11 - 15)) + (1 - 0) + 20.
18
Calculate -8 + (2 + -9 + 3 - (-10 + -1)).
-1
What is the value of (-79 - -87) + (4 - 7) + 0 + -19?
-14
Calculate 4 - (2 + (5 - (-9 + 6 - -18))).
12
Evaluate 19 + (14 - 12) + -33.
-12
What is 4 + (4 + 12 + -3 - 21)?
-4
Evaluate 2 - ((17 - 32) + 24 - (0 + 2)).
-5
Calculate -1 + (18 - 20 - (0 + -11 + 2)).
6
Calculate (7 - -1) + 18 + -31 + -9 + 2.
-12
What is (-5 - -5 - -28) + -4 + -9?
15
15 - (10 + (-6 - -15))
-4
Evaluate (-23 - -30) + -13 + 3.
-3
Evaluate (-122 - -128) + (1 - -1 - -3).
11
Calculate -11 - (22 - 13 - 9 - 12).
1
What is the value of 17 + (8 - 33) - -8?
0
Calculate 10 - 2 - (1 + 13 - (-48 - -39)).
-15
Evaluate (-11 + 24 - 31) + 13 + -2.
-7
What is the value of (-10 - -20 - -5) + -13?
2
What is the value of (-4 + 6 + -8 - -9) + -10?
-7
Calculate 37 - (48 + -28 + 25).
-8
Calculate -2 - (18 + -15 - 19) - 4.
10
What is the value of 9 - ((3 - (2 + 3)) + 6)?
5
What is the value of 0 + -3 + 9 - (6 - (3 + -6))?
-3
Evaluate -6 + (5 - -1) + 3 - -17.
20
What is the value of (15 - 23 - -1) + 16?
9
(5 - 25 - 0) + 49 + -42
-13
Calculate 3 + 1 - (0 + -6 + -3 + 3).
10
Calculate (40 - (1 + 9)) + -20.
10
-1 + 24 - (82 - 76) - 7
10
Evaluate -42 + 39 + -6 + -1 + 0.
-10
-1 + 0 + 48 + -47 + -4 + -5
-9
(-2 - (1 + -5)) + -1 + (-18 - -9)
-8
What is 5 - (2 - (2 + -9 + (-1 - -3)))?
-2
What is the value of (-1 - (6 + -9 - (-3 + 1))) + 20?
20
What is the value of (-2 - (1 + 4)) + (-4 - -14) - 3?
0
What is 23 - (24 - 24) - 22?
1
What is 0 + 6 + (-77 - -57)?
-14
What is 3 + -7 + -5 + 2 + (-47 - -70)?
16
What is 164 - 146 - (20 - -2)?
-4
(-4 - (-2 + 1) - (-22 + 24)) + 0
-5
Evaluate 12 + (-12 - 17) + 10.
-7
What is 82 + -84 + (-2 + -1 - -5) + -12?
-12
Calculate 17 - (15 - -13 - 19).
8
What is the value of -14 + (1 - 1 - (9 - 6))?
-17
What is the value of -1 + -1 - (16 - 8)?
-10
What is the value of (-1 - -25 - (92 - 79)) + (8 - -1)?
20
What is -7 - -2 - (12 - 26) - (7 + 1)?
1
2 + -4 + -2 + 22 + 26 + -52
-8
What is -268 + 295 - (-2 - 1)?
30
Calculate 4 + -3 + (-3 - (2 - 5)) + 2.
3
Evaluate -5 - ((-3 + 8 - 3) + -6).
-1
What is 23 + -19 + 6 + -24?
-14
Calculate (-2 - 9) + -11 - -13.
-9
What is -3 + -4 + (11 - 43 - -16)?
-23
What is 8 + -18 + 20 + -4?
6
Evaluate -11 - (3 - (-13 - -15)).
-12
Calculate (-5 - (0 - (7 + -7))) + -7 + 35.
23
What is (-13 + 7 - -6) + -3 + 0?
-3
Evaluate 0 + 0 + (-12 - (-13 + -3)) - 6.
-2
What is the value of -15 - 0 - (9 - 3 - (-25 + 30))?
-16
Calculate -2 - -3 - (-6 + (0 - -19)).
-12
What is 7 - (13 - (3 + 3)) - -9?
9
What is 0 + -7 - (-2 - (-15 + 11))?
-9
Calculate (3 - -34 - 32) + -25 + -1.
-21
-79 - -42 - -44 - (-9 + 1)
15
What is the value of -11 - (-17 - (-21 - -10))?
-5
-13 + (1 - 1 - 12) + 3
-22
What is (70 - 66 - (-2 - 12)) + -6?
12
What is 20 + (31 + -12 - 45)?
-6
What is -11 - (1 - (-1 + 5 + 9))?
1
What is -87 + 112 - (26 - 5)?
4
What is -12 - (-9 + (-10 - -15) + -5)?
-3
Calculate -12 + -17 - -20 - 15.
-24
Calculate -6 - ((-1 - (-4 - -9)) + -1) - 25.
-24
What is -10 + (21 - -2) - (33 - 2)?
-18
(23 - 13) + 9 + 1 + 3 - 3
20
What is the value of 31 - ((-15 - -23) + 16)?
7
Evaluate 15 - (19 - 9 - 14 - 8).
27
What is the value of -20 + (-15 - 0 - -28)?
-7
-4 + -11 + (5 - -2) + 37
29
What is the value of (-15 - 2) + -5 + 49 + 5?
32
Calculate -1 + -21 + (59 - 71) + -1 + 12.
-23
What is the value of 16 + -3 - (-5 + (22 - 5 - 7))?
8
What is -6 + 17 + 1 + -1?
11
What is the value of 13 + -4 - (7 + -3) - (10 + 1)?
-6
Calculate (11 + -13 - -23) + -4.
17
Evaluate -3 + (2 - (-9 + 0 + 19)).
-11
What is -2 - -9 - (5 + (10 - 18))?
10
Evaluate -3 + 4 - (4 + -8 + -1 + -1).
7
Calculate 1 + -7 - (3 + (52 - 66)).
5
Calculate (-2 + -16 - -56) + -36.
2
Evaluate 41 + (-13 + 1 + 8 - 13).
24
Evaluate -12 + (-21 - (-13 + -2)) + 47.
29
What is the value of (2 - 1 - (-1 + 0)) + (-17 - -14)?
-1
-3 + 0 - (8 + (-14 + 12 - 3))
-6
Calculate -44 + (36 - (25 + -18)).
-15
Evaluate 15 - (-3 + -8 + 4 + 7 + -1).
16
Evaluate (8 - 10 - -18) + -9.
7
10 - (8 + (2 - 10)) - 24
-14
Evaluate 5 + -26 + 11 - -6.
-4
What is 36 + 25 + -95 - -28?
-6
-4 + 6 + (6 - 41)
-33
What is the value of -185 - -147 - (-17 - 0)?
-21
What is the value of (9 - 15) + (3 - ((3 - -3) + -8))?
-1
22 + (5 - -3) + (8 + -17 - -14)
35
Calculate (22 - 7) + 2 - 8.
9
Calculate (-75 - -77) + (-2 - -11) + -3.
8
-6 + (-2 + (-4 - -2) - -3) - 18
-25
What is (-7 - (2 - (-6 + 9))) + 0 + -6?
-12
Calculate 6 - ((-6 - -8) + -10 - -1).
13
What is (-115 - -97) + (17 - 0) - 20?
-21
Evaluate 42 + -36 + (-2 + 1 + 2 - -4).
11
-2 + (-5 - (-2 + -1)) - -20
16
What is (-11 + 48 - 8 -